
{"id":29617,"date":"2017-11-08T19:53:15","date_gmt":"2017-11-08T18:53:15","guid":{"rendered":"https:\/\/camilledelbos.com\/photography\/?post_type=product&#038;p=29617"},"modified":"2018-11-03T22:43:07","modified_gmt":"2018-11-03T21:43:07","slug":"25-cartes-postales","status":"publish","type":"product","link":"https:\/\/camilledelbos.com\/photography\/boutique\/25-cartes-postales\/","title":{"rendered":"Lot de 25 cartes postales"},"content":{"rendered":"","protected":false},"excerpt":{"rendered":"<p>&nbsp;<\/p>\n<p>Commande d&#8217;un lot de 25 cartes postales.<br \/>\nPlusieurs s\u00e9ries sont disponibles.<br \/>\nLa compilation personnalis\u00e9e sera bient\u00f4t disponible en ligne, en attendant veuillez me contacter pour constituer votre propre s\u00e9rie.<\/p>\n","protected":false},"featured_media":30114,"template":"","meta":{"_et_pb_use_builder":"","_et_pb_old_content":"","_et_gb_content_width":""},"product_cat":[2514,2513],"product_tag":[],"class_list":{"0":"post-29617","1":"product","2":"type-product","3":"status-publish","4":"has-post-thumbnail","6":"product_cat-cartes-postales","7":"product_cat-postcards","9":"first","10":"instock","11":"taxable","12":"shipping-taxable","13":"purchasable","14":"product-type-variable"},"_links":{"self":[{"href":"https:\/\/camilledelbos.com\/photography\/wp-json\/wp\/v2\/product\/29617","targetHints":{"allow":["GET"]}}],"collection":[{"href":"https:\/\/camilledelbos.com\/photography\/wp-json\/wp\/v2\/product"}],"about":[{"href":"https:\/\/camilledelbos.com\/photography\/wp-json\/wp\/v2\/types\/product"}],"wp:featuredmedia":[{"embeddable":true,"href":"https:\/\/camilledelbos.com\/photography\/wp-json\/wp\/v2\/media\/30114"}],"wp:attachment":[{"href":"https:\/\/camilledelbos.com\/photography\/wp-json\/wp\/v2\/media?parent=29617"}],"wp:term":[{"taxonomy":"product_cat","embeddable":true,"href":"https:\/\/camilledelbos.com\/photography\/wp-json\/wp\/v2\/product_cat?post=29617"},{"taxonomy":"product_tag","embeddable":true,"href":"https:\/\/camilledelbos.com\/photography\/wp-json\/wp\/v2\/product_tag?post=29617"}],"curies":[{"name":"wp","href":"https:\/\/api.w.org\/{rel}","templated":true}]}}