
{"id":2138,"date":"2017-06-12T18:27:38","date_gmt":"2017-06-12T17:27:38","guid":{"rendered":"https:\/\/camilledelbos.com\/photography\/?page_id=2138"},"modified":"2017-09-03T18:01:52","modified_gmt":"2017-09-03T17:01:52","slug":"voyages-photo-stage","status":"publish","type":"page","link":"https:\/\/camilledelbos.com\/photography\/voyages-photo-stage\/","title":{"rendered":"Voyages Photo et Ateliers"},"content":{"rendered":"<p>[et_pb_section fb_built=&#8221;1&#8243; transparent_background=&#8221;on&#8221; padding_mobile=&#8221;off&#8221; admin_label=&#8221;section&#8221; _builder_version=&#8221;3.0.69&#8243; background_image=&#8221;https:\/\/camilledelbos.com\/photography\/wp-content\/uploads\/sites\/2\/resized\/fc337a14b0b27f5c3db8aa7417763ca5\/cd_20150710_murghab_14027.jpg&#8221;][et_pb_row make_fullwidth=&#8221;on&#8221; use_custom_gutter=&#8221;on&#8221; gutter_width=&#8221;1&#8243; custom_padding=&#8221;160px||160px|&#8221; padding_mobile=&#8221;off&#8221; column_padding_mobile=&#8221;on&#8221; parallax_method_1=&#8221;off&#8221; admin_label=&#8221;row&#8221; _builder_version=&#8221;3.0.47&#8243; background_size=&#8221;initial&#8221; background_position=&#8221;top_left&#8221; background_repeat=&#8221;repeat&#8221;][et_pb_column type=&#8221;4_4&#8243; _builder_version=&#8221;3.0.47&#8243; column_padding_mobile=&#8221;on&#8221; parallax=&#8221;off&#8221; parallax_method=&#8221;off&#8221;][et_pb_cta title=&#8221;Voyages et Stages Photo&#8221; use_background_color=&#8221;off&#8221; admin_label=&#8221;Titre&#8221; _builder_version=&#8221;3.0.47&#8243; header_font=&#8221;Montserrat|on|||&#8221; header_font_size=&#8221;92&#8243; header_font_size_tablet=&#8221;64&#8243; header_font_size_last_edited=&#8221;on|tablet&#8221; header_text_color=&#8221;#ffffff&#8221; header_line_height=&#8221;1.2em&#8221; body_font=&#8221;PT Serif||||&#8221; body_font_size=&#8221;24&#8243; body_text_color=&#8221;#ffffff&#8221; background_size=&#8221;initial&#8221; background_position=&#8221;top_left&#8221; background_repeat=&#8221;repeat&#8221;][\/et_pb_cta][\/et_pb_column][\/et_pb_row][\/et_pb_section][et_pb_section fb_built=&#8221;1&#8243; background_color=&#8221;#f9f9f9&#8243; padding_mobile=&#8221;off&#8221; _builder_version=&#8221;3.0.47&#8243;][et_pb_row custom_padding=&#8221;|||&#8221; column_padding_mobile=&#8221;on&#8221; parallax_method_1=&#8221;off&#8221; admin_label=&#8221;Row&#8221; _builder_version=&#8221;3.0.47&#8243; background_size=&#8221;initial&#8221; background_position=&#8221;top_left&#8221; background_repeat=&#8221;repeat&#8221;][et_pb_column type=&#8221;4_4&#8243; _builder_version=&#8221;3.0.47&#8243; column_padding_mobile=&#8221;on&#8221; parallax=&#8221;off&#8221; parallax_method=&#8221;off&#8221;][et_pb_text text_orientation=&#8221;center&#8221; admin_label=&#8221;Accroche&#8221; _builder_version=&#8221;3.0.47&#8243; text_font=&#8221;PT Serif||||&#8221; text_font_size=&#8221;23&#8243; text_text_color=&#8221;#888888&#8243; text_line_height=&#8221;1.4em&#8221; background_size=&#8221;initial&#8221; background_position=&#8221;top_left&#8221; background_repeat=&#8221;repeat&#8221; custom_margin=&#8221;10px|||&#8221;]<\/p>\n<p>Ces voyages sont ouverts aux voyageurs et photographes en qu\u00eate d&#8217;exp\u00e9riences authentiques.<\/p>\n<p>[\/et_pb_text][\/et_pb_column][\/et_pb_row][et_pb_row use_custom_gutter=&#8221;on&#8221; gutter_width=&#8221;2&#8243; custom_padding=&#8221;30px||0px|&#8221; padding_mobile=&#8221;on&#8221; make_equal=&#8221;on&#8221; column_padding_mobile=&#8221;on&#8221; background_color_1=&#8221;#ffffff&#8221; background_color_2=&#8221;#ffffff&#8221; parallax_method_1=&#8221;off&#8221; parallax_method_2=&#8221;off&#8221; admin_label=&#8221;Row&#8221; _builder_version=&#8221;3.0.47&#8243; background_size=&#8221;initial&#8221; background_position=&#8221;top_left&#8221; background_repeat=&#8221;repeat&#8221;][et_pb_column type=&#8221;1_2&#8243; _builder_version=&#8221;3.0.47&#8243; column_padding_mobile=&#8221;on&#8221; background_color=&#8221;#ffffff&#8221; parallax=&#8221;off&#8221; parallax_method=&#8221;off&#8221;][et_pb_image src=&#8221;https:\/\/camilledelbos.com\/photography\/wp-content\/uploads\/sites\/2\/2017\/06\/20160729_pk-shimshal-31.jpg&#8221; url=&#8221;https:\/\/camilledelbos.com\/photography\/fr\/voyage-a-decouverte-nord-pakistan\/&#8221; use_overlay=&#8221;on&#8221; overlay_icon_color=&#8221;#ffffff&#8221; hover_overlay_color=&#8221;rgba(99,156,188,0.75)&#8221; hover_icon=&#8221;%%28%%&#8221; animation=&#8221;off&#8221; sticky=&#8221;on&#8221; align=&#8221;center&#8221; force_fullwidth=&#8221;on&#8221; _builder_version=&#8221;3.0.47&#8243;][\/et_pb_image][et_pb_text text_orientation=&#8221;center&#8221; admin_label=&#8221;Text&#8221; _builder_version=&#8221;3.0.47&#8243; text_font=&#8221;Montserrat|on|||&#8221; text_font_size=&#8221;12&#8243; text_text_color=&#8221;#454545&#8243; background_color=&#8221;#ffffff&#8221; background_size=&#8221;initial&#8221; background_position=&#8221;top_left&#8221; background_repeat=&#8221;repeat&#8221; custom_margin=&#8221;30px||0px|&#8221;]<\/p>\n<h4>PAKISTAN<\/h4>\n<p>[\/et_pb_text][et_pb_text text_orientation=&#8221;center&#8221; admin_label=&#8221;Text&#8221; _builder_version=&#8221;3.0.47&#8243; text_font=&#8221;PT Serif||||&#8221; text_font_size=&#8221;24&#8243; text_text_color=&#8221;#888888&#8243; background_color=&#8221;#ffffff&#8221; background_size=&#8221;initial&#8221; background_position=&#8221;top_left&#8221; background_repeat=&#8221;repeat&#8221; custom_margin=&#8221;10px||30px|&#8221;]<\/p>\n<p>\u00c0 la rencontre des berg\u00e8res du Pamir<\/p>\n<p>[\/et_pb_text][\/et_pb_column][et_pb_column type=&#8221;1_2&#8243; _builder_version=&#8221;3.0.47&#8243; column_padding_mobile=&#8221;on&#8221; background_color=&#8221;#ffffff&#8221; parallax=&#8221;off&#8221; parallax_method=&#8221;off&#8221;][et_pb_image src=&#8221;https:\/\/camilledelbos.com\/photography\/wp-content\/uploads\/sites\/2\/2017\/06\/20170524_Jo_WadiRum-768.jpg&#8221; url=&#8221;https:\/\/camilledelbos.com\/photography\/fr\/voyage-photo-jordanie-terre-couleurs-mysteres-aventures\/&#8221; use_overlay=&#8221;on&#8221; overlay_icon_color=&#8221;#ffffff&#8221; hover_overlay_color=&#8221;rgba(99,156,188,0.75)&#8221; hover_icon=&#8221;%%28%%&#8221; animation=&#8221;off&#8221; sticky=&#8221;on&#8221; align=&#8221;center&#8221; force_fullwidth=&#8221;on&#8221; _builder_version=&#8221;3.0.47&#8243;][\/et_pb_image][et_pb_text text_orientation=&#8221;center&#8221; admin_label=&#8221;Text&#8221; _builder_version=&#8221;3.0.47&#8243; text_font=&#8221;Montserrat|on|||&#8221; text_font_size=&#8221;12&#8243; text_text_color=&#8221;#454545&#8243; background_color=&#8221;#ffffff&#8221; background_size=&#8221;initial&#8221; background_position=&#8221;top_left&#8221; background_repeat=&#8221;repeat&#8221; custom_margin=&#8221;30px||0px|&#8221;]<\/p>\n<h4>JORDANIE<\/h4>\n<p>[\/et_pb_text][et_pb_text text_orientation=&#8221;center&#8221; admin_label=&#8221;Text&#8221; _builder_version=&#8221;3.0.47&#8243; text_font=&#8221;PT Serif||||&#8221; text_font_size=&#8221;24&#8243; text_text_color=&#8221;#888888&#8243; background_color=&#8221;#ffffff&#8221; background_size=&#8221;initial&#8221; background_position=&#8221;top_left&#8221; background_repeat=&#8221;repeat&#8221; custom_margin=&#8221;10px||30px|&#8221;]<\/p>\n<p>Terre de couleurs, de myst\u00e8res et d\u2019aventures<\/p>\n<p>[\/et_pb_text][\/et_pb_column][\/et_pb_row][et_pb_row admin_label=&#8221;row&#8221; _builder_version=&#8221;3.0.47&#8243; background_size=&#8221;initial&#8221; background_position=&#8221;top_left&#8221; background_repeat=&#8221;repeat&#8221;][et_pb_column type=&#8221;4_4&#8243; _builder_version=&#8221;3.0.47&#8243; parallax=&#8221;off&#8221; parallax_method=&#8221;on&#8221;][\/et_pb_column][\/et_pb_row][et_pb_row admin_label=&#8221;row&#8221; _builder_version=&#8221;3.0.47&#8243; background_size=&#8221;initial&#8221; background_position=&#8221;top_left&#8221; background_repeat=&#8221;repeat&#8221;][et_pb_column type=&#8221;2_3&#8243; _builder_version=&#8221;3.0.47&#8243; parallax=&#8221;off&#8221; parallax_method=&#8221;on&#8221;][et_pb_text _builder_version=&#8221;3.0.47&#8243; text_font_size=&#8221;18&#8243; background_size=&#8221;initial&#8221; background_position=&#8221;top_left&#8221; background_repeat=&#8221;repeat&#8221;]<\/p>\n<p>A travers son\u00a0exp\u00e9rience et ses conseils pratiques, Camille votre guide photographe et compagnon de voyage vous accompagne,\u00a0pas \u00e0 pas, dans l&#8217;exploration et le perfectionnement votre vision photographique au cours d\u2019une aventure humaine inoubliable.<\/p>\n<p>[\/et_pb_text][\/et_pb_column][et_pb_column type=&#8221;1_3&#8243; _builder_version=&#8221;3.0.47&#8243; parallax=&#8221;off&#8221; parallax_method=&#8221;on&#8221;][et_pb_text _builder_version=&#8221;3.0.47&#8243; background_size=&#8221;initial&#8221; background_position=&#8221;top_left&#8221; background_repeat=&#8221;repeat&#8221;]<\/p>\n<h1>De nouvelles dates et de nouveaux voyages photo sont \u00e0 venir, restez inform\u00e9<\/h1>\n<p>[\/et_pb_text][et_pb_button button_text=&#8221;Recevoir les infos&#8221; button_alignment=&#8221;center&#8221; admin_label=&#8221;Newsletter button&#8221; module_id=&#8221;#newsletter&#8221; _builder_version=&#8221;3.0.47&#8243; custom_button=&#8221;on&#8221; button_text_color=&#8221;#ffffff&#8221; background_color=&#8221;#ffffff&#8221;][\/et_pb_button][\/et_pb_column][\/et_pb_row][\/et_pb_section]<\/p>\n","protected":false},"excerpt":{"rendered":"<p>Ces voyages sont ouverts aux voyageurs et photographes en qu\u00eate d&#8217;exp\u00e9riences authentiques. PAKISTAN \u00c0 la rencontre des berg\u00e8res du Pamir JORDANIE Terre de couleurs, de myst\u00e8res et d\u2019aventures A travers son\u00a0exp\u00e9rience et ses conseils pratiques, Camille votre guide photographe et compagnon de voyage vous accompagne,\u00a0pas \u00e0 pas, dans l&#8217;exploration et le perfectionnement votre vision photographique [&hellip;]<\/p>\n","protected":false},"author":1,"featured_media":0,"parent":0,"menu_order":0,"comment_status":"closed","ping_status":"closed","template":"","meta":{"_et_pb_use_builder":"on","_et_pb_old_content":"","_et_gb_content_width":"","footnotes":""},"class_list":["post-2138","page","type-page","status-publish","hentry"],"_links":{"self":[{"href":"https:\/\/camilledelbos.com\/photography\/wp-json\/wp\/v2\/pages\/2138","targetHints":{"allow":["GET"]}}],"collection":[{"href":"https:\/\/camilledelbos.com\/photography\/wp-json\/wp\/v2\/pages"}],"about":[{"href":"https:\/\/camilledelbos.com\/photography\/wp-json\/wp\/v2\/types\/page"}],"author":[{"embeddable":true,"href":"https:\/\/camilledelbos.com\/photography\/wp-json\/wp\/v2\/users\/1"}],"replies":[{"embeddable":true,"href":"https:\/\/camilledelbos.com\/photography\/wp-json\/wp\/v2\/comments?post=2138"}],"version-history":[{"count":43,"href":"https:\/\/camilledelbos.com\/photography\/wp-json\/wp\/v2\/pages\/2138\/revisions"}],"predecessor-version":[{"id":28044,"href":"https:\/\/camilledelbos.com\/photography\/wp-json\/wp\/v2\/pages\/2138\/revisions\/28044"}],"wp:attachment":[{"href":"https:\/\/camilledelbos.com\/photography\/wp-json\/wp\/v2\/media?parent=2138"}],"curies":[{"name":"wp","href":"https:\/\/api.w.org\/{rel}","templated":true}]}}